+ 2.
14
Evaluate -7 + 8 - (2 + (-1 - 0)).
0
What is -2 + 1 + 1 + 15 + 416 + -418?
13
What is the value of -3 + (-1 - (1 - 1) - (101 + -105))?
0
(-17 - -12) + (-6 - -1) + (4 - -9)
3
1 + 13 - (599 + -586)
1
Calculate -16 - (8 - 11) - (12 - 3).
-22
What is (0 + -43 - (2 + 11 + -17)) + 4?
-35
What is the value of (-4 - -38) + (1 - 23) + 3?
15
2 - (-1 - (0 - 2)) - (-285 - -274)
12
What is the value of -10 + (29 - 39) + 38?
18
What is the value of -1 + (-10 + 19 - 8 - (-1 - 15))?
16
What is the value of -5 + -9 + 6 + 13 - 29?
-24
What is the value of (-49 + 30 - -13) + 13?
7
What is (3 - (-4 + (-5 - -4 - -19))) + -2?
-13
Calculate -10 + (-14 - 1) + 20 - (19 + -2).
-22
Evaluate -36 + 54 - ((17 - -2) + -3).
2
Calculate -16 - 0 - (314 - 341).
11
(5 - -6) + -14 + -6 - 10
-19
What is -17 + 4 + 8 + 8 + 7 + -20?
-10
Calculate -21 + 24 + (-2 - 5).
-4
What is the value of 32 + -21 + 2 - (8 - -1)?
4
6 - (12 - -9) - -3
-12
Calculate -10 + (38 - 45 - (2 + -6)).
-13
Calculate (-24 - (-27 - -16)) + 12.
-1
Calculate (2 + (-2 - 3) + 5 - 2) + -8.
-8
Evaluate 13 + 5 - (7 + -10 + 7 - -1).
13
Evaluate -22 + 24 + 64 - 42.
24
(-1 + 0 - 5) + -3 + 157 + -165
-17
Evaluate 32 + (4 - 6 - (14 + -7)) + 1.
24
What is the value of 0 + -35 - -35 - (-3 - 2)?
5
Calculate (-75 - 17) + 101 - (4 - (2 + 0)).
7
Evaluate -1 - 7 - (17 + -11 + -10).
-4
-3 + 0 + (162 - 176) - (-10 + 9)
-16
Calculate -3 - (3 - -1) - -12.
5
Evaluate -21 + 4 + -2 - -37.
18
Evaluate (14 - (5 + 6)) + 5.
8
Evaluate 2 + 6 + 0 + -7 + 1.
2
What is the value of -2 + 5 + 1 + (-179 - -186)?
11
What is (-4 - (-15 + -10)) + (1 + -3 - 5)?
14
Evaluate 28 + -7 + -29 - (1 + -17) - 13.
-5
Calculate 57 + -55 + (-3 - (4 + -2)) + 8.
5
What is 0 - (16 + -11) - (0 + -5)?
0
Evaluate 6 - (7 - (22 + -5)) - 8.
8
What is -1 - (30 + -15 + -13) - (1 - 19)?
15
Evaluate (2 + -7 - -7) + 2 + -12 + 5.
-3
What is 39 + -28 - (-12 + 5 + 28)?
-10
What is 23 + 9 + -21 + -6 + 4 + -18?
-9
Evaluate 35 + 20 + -28 - (-8 - 0).
35
What is the value of (0 + -8 - -7) + 4 - (19 + 0)?
-16
Calculate -70 + 99 - (-1 + 19).
11
What is 43 - 23 - -2 - (7 + (2 - 5))?
18
Evaluate 15 - (10 + (-46 - -24)).
27
What is (-64 - -65) + -2 + -3?
-4
What is 1 - -9 - (21 + 67 + -92)?
14
Evaluate (8 - (-1 + 9)) + 19 + 5 + 1.
25
Calculate (8 + (-2 - 0) - (-30 - -35)) + 12.
13
Calculate (14 - (6 + 24)) + 18.
2
Calculate 35 + 6 + -39 + -18.
-16
What is 24 + -78 + 27 + 52?
25
What is -11 + (-2 - -4) - (42 - 67 - -21)?
-5
What is the value of (27 - 2) + (-31 - (-44 + 19))?
19
Calculate (-188 - -149) + (-3 - -30).
-12
Calculate -95 + 84 + (-5 - (-1 + (-5 - -6))).
-16
What is the value of -14 + 1 + (13 - 12 - -12) + -4?
-4
-5 + -1 - (-72 - -82)
-16
Evaluate 1 - (6 - 14) - (1 - (0 + 22)).
30
Calculate 561 + -565 - (1 + 0).
-5
Evaluate -9 + (9 - (25 - 18)).
-7
What is 13 - ((-3 - -3) + 10 + -3)?
6
Evaluate -7 + (-1 - -7) + 1 + -2.
-2
Evaluate -15 - -4 - (-3 + (2 - 3)).
-7
What is the value of -7 - -1 - (3 - (36 - 7) - -4)?
16
Evaluate -8325 + 8320 - (3 + -1 + 2 + -2).
-7
Calculate (-170 - -152) + 20 + 0.
2
Evaluate -17 - ((5 - 1 - 7 - 0) + 0).
-14
(208 - 185) + -2 + -25 - (1 + 26)
-31
3 + -7 - 3 - (9 + -4)
-12
What is (-19 + 9 - -3) + 6 + 11?
10
Calculate -53 - -49 - (0 - 2 - 30).
28
(-201 - -199) + (-4 - 8)
-14
What is (23 - (2 + 4 + 2 + -2)) + -1?
16
What is 3 + -12 - 21 - (11 + (2 - 10))?
-33
What is the value of 9 - -52 - (0 - -34)?
27
(15 - -2) + (440 - 434)
23
Calculate (-14 - 1) + 1 + 12 + 61 + -66.
-7
Calculate 0 + 29 + -23 + 1 + 8.
15
Evaluate 42 + -44 - (-1 + 5) - 10.
-16
2 - (1 - -10 - (-10 + 5 + 13))
-1
-19 + (9 - (-23 - -7))
6
Evaluate -6 + (10 + -5 - 0) + 18.
17
What is the value of (10 + 10 - 13) + (-6 + 12 - 9)?
4
Calculate 144 - 140 - (2 - 3).
5
Calculate -5 + 5 + 8 - (-12 + 20).
0
Evaluate 11 - (-4 + 27 + (-31 - -18)).
1
What is the value of (4 - (7 - (10 + -5))) + 0?
2
What is the value of -14 + 14 - 17 - -11?
-6
What is the value of -9 + 1 + (28 - 31) - -8?
-3
What is (-30 - -51) + 1 + (3 - 5) - 7?
13
Calculate -9 + (7 - ((-60 - -65) + -1 + 18)).
-24
What is the value of -6 + (1 - (3 - (-2 - 1)) - 2)?
-13
Evaluate 2 - (2 + -7 + 6 + -10 + 4).
7
What is (-17 - -4) + (66 - 52) - (8 + 2)?
-9
What is (18 + -44 - (-14 - 0)) + 14?
2
45 + -33 + -7 + 3
8
Evaluate -19 + -3 - 0 - (-15 - (8 - 33)).
-32
Evaluate 10 + 2 + 16 + -22.
6
Evaluate 1 - -13 - ((12 - 2) + 28).
-24
What is (0 - -9 - -5) + (1 + 1 - -3)?
19
Calculate -9 + (-12 - -13) + 12 - -9.
13
Calculate (3 + -6 - (0 - (0 + -2))) + -5.
-10
What is the value of -25 - ((-14 - -20) + -18)?
-13
(-4 - 1 - (0 + -3)) + 9
7
Evaluate (32 - (2 + 23)) + (-1 - 8).
-2
11 + (-6 - (-12 - -1)) + -6
10
What is the value of -4 + -4 + 4 + (-4 - -8)?
0
Calculate -2 - 5 - (-22 - (-2 + 6)).
19
Calculate -257 - -276 - (4 + -6 + 2 + -4).
23
What is the value of 26 - -2 - (17 + -2) - (-5 - -1)?
17
Calculate 6 - ((3 - 1) + -6 + 14) - -10.
6
Evaluate -7 - (-3 + 5 + -7).
-2
Evaluate -24 + 59 - 8 - 35.
-8
What is the value of -1 - ((0 - -5 - (11 + -13)) + -7)?
-1
What is the value of -16 - (-50 + -19 + 29)?
24
Evaluate 11 - (-7 - -10 - (15 - 21)).
2
What is the value of 6 - 1 - (-9 + 19) - -9 - -1?
5
Evaluate -16 + -30 + 8 + 15.
-23
Calculate -4 - -2 - 5 - (-12 + 7).
-2
5 - (-12 + -1 + 31)
-13
Calculate 15 - (-2 + 2) - (-22 - (-5 - 16)).
16
(2 - 15) + -12 + (23 - 11)
-13
What is (10 + -4 - 0 - (-15 - -6)) + -2?
13
What is -34 - (35 - 30 - 65)?
26
-6 - 0 - (-173 - -162 - (-5 + -1))
-1
What is 11 + -23 - (-7 - (3 + -3))?
-5
Calculate 2 + 0 + -9 + 4 + (8 - -9).
14
-73 + 56 - (-6 + (4 - -19))
-34
11 + 1 + -6 + -2 + 7 + -1
10
Calculate (15 - (5 - 4)) + (-122 - -125).
17
-7 + (0 - -35) + (-34 - -16)
10
-13 + 11 + -21 + 30
7
What is (-1 - 0) + -39 + (-31 - -50)?
-21
What is the value of -71 + 11 + 69 + 0 + 1?
10
Calculate -6 + (9 - (0 + 0 + 9)).
-6
Calculate 1 + 0 - (-1 + -3) - (-6 + 11).
0
What is the value of (24 - 16) + 23 - 13?
18
Calculate (-7 - -4 - 3 - -13 - 3) + 0.
4
What is 19 - (-3 + (12 - 10 - -14))?
6
What is the value of 112 + -118 + -3 + -37 + 6?
-40
Calculate 1 + 6 + (12 - 6) - -2.
15
What is the value of -10 + 0 - (-38 + 24 + 2)?
2
What is -8 + -19 + 13 + -4 + 22 - 36?
-32
(5 - -21) + (-1 - 34)
-9
-3 - 5 - (16 - 6)
-18
What is the value of -3 + -6 + (-7 - -8)?
-8
29 - (-25 + -30 + 84)
0
What is the value of (-20 - -28 - (7 - 13)) + -8?
6
What is the value of 1 + -17 - ((9 - (-24 - -39)) + 7)?
-17
Calculate (3 - 1) + -2 + -2 + -14 + 6.
-10
What is the value of -3 + 16 + -12 + 4 + (1 - 5)?
1
Calculate -25 + (15 + -4 - 15 - -9).
-20
Evaluate (4 + 0 - -5) + (5 - 8) + 8.
14
Evaluate -282 + 268 - (-17 + 1).
2
-9 - (0 - 1 - (10 - (-5 - -16)))
-9
0 + 11 + 2 + (-4 - -25) + -14
20
What is -8 + (15 - (-10 + 14))?
3
What is the value of -2 + (-16 - -14) - 0?
-4
Evaluate -2 + 8 + 1 - 22.
-15
Calculate 1 + (-1 + -4 - (-20 + 16)).
0
1 + (15 - 23) + -3 - (2 - 2)
-10
What is the value of 2 + 1 + (-14 - -20) - 10?
-1
What is the value of 19 + -15 + (2 + -6 - -11)?
11
Evaluate (6 + -15 - -8) + 13 + -4.
8
What is the value of -19 + (1 - (12 + -13 + 3))?
-20
What is 4 - (0 - -15) - -21?
10
What is (-13 - -32 - 13) + -11 + 8?
3
What is -6 + -7 - (5 + -10 + -6 + 6)?
-8
-178 - -175 - (-1 - (-3 + -2))
-7
What is (11 - 11) + -12 + 16?
4
Calculate 5 - ((-14 - 2) + (44 - 2)).
-21
Calculate 3 - (0 + 1 + 1 + -25 + 29).
-3
(0 + (-2 - 0) - -2) + (244 - 257)
-13
Evaluate (-1 - 8) + (-161 - -160).
-10
Calculate -5 + 5 + 0 + (1 - 9) - -3.
-5
What is the value of 0 - (5 + (-5 - (-1 + -1)))?
-2
What is (0 - -17) + (4 - (4 + -4 - -10))?
11
What is the value of (67 - 73) + 1 + (0 + -1 - -5)?
-1
7 + (5 - 6) + (-11 - -1 - 0)
-4
(-9 - 11) + 23 - 5
-2
Evaluate (-4 - (17 + 2 + 1)) + (109 - 107).
-22
What is 3 - -3 - (5 + 5 + -3 - 7)?
6
What is the value of 0 + -7 + -7 + 10 - 20 - -6?
-18
Calculate 2 + -28 + 31 - -18.
23
Evaluate -18 - (8 + 1 + -5 + -8).
-14
Evaluate (0 - -2) + (-3 + 5 - (-3 + 4)).
3
What is the value of (-20 - 1) + 4 + (-18 - -26)?
-9
Calculate 9 + -3 + 6 + -10 + 2.
4
What is 1 + -23 - ((19 - 19) + 3)?
-25
What is the value of 6 + (38 - 17) - 16?
11
What is (-12 - -1) + (65 + -42 - 11)?
1
-31 + (-33 - -67) + 1 + -14
-10
What is the value of -7 + 19 + -20 + (-6 - -22) - 11?
-3
Evaluate 3 - (4 + 13 - 11) - -9 - -24.
30
Evaluate -5 - (-1 + 7 + (14 + -7 - 12)).
-6
Ca